495 and v?
45
Suppose 25*p = -112 + 637. What is the greatest common factor of p and 203?
7
Suppose -103*l + 108*l - 820 = 0. Calculate the greatest common divisor of 287 and l.
41
Let c = -37 - -113. What is the highest common factor of c and 95?
19
Let u be 4/8*(1 - 63). Let n = 15 + u. Let r = n - -17. Calculate the highest common factor of 1 and r.
1
Let u(v) = -13*v + 5. Let a be u(-5). Suppose 2*i = i + a. Suppose -38 = -z + 5*d, 3*z - 45 = d + 41. Calculate the highest common factor of z and i.
14
Suppose -5*t + 0*t + 5 = 0, 5*p + 108 = 3*t. Let b be ((-3)/2)/(p/(-196)). Let w be 2/(-4) + (-259)/b. What is the greatest common factor of 6 and w?
6
Let y(g) = -4*g**2 - 10*g - 4. Let d(b) = b**2 + 3*b + 1. Let m(n) = -7*d(n) - 2*y(n). Let w be m(0). Calculate the greatest common divisor of 5 and w.
1
Suppose -2*d + 3*d = -5*f + 313, 0 = -3*f - 5*d + 179. Suppose 5*l = -15, -4*l + f = 2*c + c. Calculate the highest common factor of c and 5.
5
Let n be -3 + 15 + 1 + 0. Suppose 5*p = 2*d + 2*d - 1370, -4*p = 8. Suppose 4*a = 76 + d. What is the highest common divisor of a and n?
13
Suppose 0 = -2*x - 5*u - 125, 18 = -2*x - 2*u - 92. Let g be (-20)/6*(x - -2). Calculate the greatest common divisor of 32 and g.
32
Suppose 3*x - 2*j + 8 = 21, -x = 5*j - 10. Suppose 0*t - 145 = -x*t. What is the highest common divisor of 319 and t?
29
Suppose 3 = p - 0*p. Suppose l - 1 = p. Suppose y = l*u - 73, -u = 5*y - 3*y - 25. Calculate the highest common divisor of u and 152.
19
Suppose 3*p - 11 = 4. Suppose -45 = p*o + 45. Let n be (o + 3)/(3/(-8)). What is the highest common factor of n and 10?
10
Let a(d) = -28*d + 420. Let q be a(14). Let s be 2/3 + 416/6. Calculate the highest common divisor of q and s.
14
Let y = -96 - -100. Suppose 5*k - 1270 = -5*p, -k + y*p = -248 - 11. What is the highest common factor of 15 and k?
15
Suppose 2*n - 4 = n. Suppose -n*z - 1133 = -5*f - 2*z, -f + 217 = 2*z. Calculate the highest common factor of f and 25.
25
Suppose -3*c + 472 = -2735. Suppose 4*a = -g + 4*g - c, -a = -5. Let r = g - 11. Calculate the greatest common divisor of 32 and r.
32
Let c(o) = 5*o - 14. Let i be 1/(0 - -2*(-3)/(-30)). Let t be c(i). What is the greatest common factor of t and 22?
11
Let r = 2247 + -2042. Calculate the highest common factor of r and 41.
41
Let m be (-5)/((-30)/(-18)) + 6. Suppose -118 - 107 = -m*y. What is the greatest common divisor of y and 100?
25
Let w be (-880)/(-70) + (-4)/7. What is the highest common divisor of 276 and w?
12
Suppose 2*z - 8*z = 120. Let g be z/30 - (-532)/6. What is the highest common divisor of g and 22?
22
Suppose 1170 + 630 = 24*z. Let d(s) = -s**3 - 6*s**2 - s - 3. Let a be d(-6). What is the greatest common divisor of z and a?
3
Let w(t) = t**3 - 16*t + 5. Let b(v) = -v + 11. Let j be b(5). Let q be w(j). What is the highest common factor of q and 25?
25
Let l be (-14)/(-2*3/6). Let m = l + -20. Let v be 2/m + (-144)/(-27). What is the highest common divisor of 5 and v?
5
Let d(c) = c + 3. Let p be d(16). Suppose 0 = 2*m - 2*l - 0*l - 24, -2*m + l = -p. Let g be 290/m + 4/7. What is the greatest common factor of 6 and g?
6
Let y be 2*((-10)/(-4) + 1). Suppose -18*x + 590 = -17*x. Let d be ((-28)/(-6))/(8 + x/(-75)). What is the greatest common divisor of y and d?
7
Let y = -57 - -64. Suppose -q + y = 2*o + 2*q, -38 = -4*o + 2*q. Calculate the greatest common divisor of o and 32.
8
Let a(s) = 136*s - 2. Let q be a(2). Let g be q*(9/(-6))/(-3). Calculate the highest common divisor of g and 15.
15
Let b(t) = -t**2 - 11*t - 7. Let x be b(-10). Let d be (-12)/(-6) + 12/x. Let u be 2*38/8*d. Calculate the greatest common divisor of 38 and u.
19
Suppose -2*z - 133 = 1. Let g = -59 - z. What is the greatest common factor of g and 6?
2
Let b be (-8)/((-18)/(-99)*-1). Calculate the highest common factor of b and 8.
4
Suppose p - 2*j + 6 = 0, -4*p + 2*j = -2*j + 16. Let h be ((-4)/5)/p*10. Suppose 0 = f + 3*f - h. Calculate the greatest common divisor of f and 9.
1
Let b be 16/(-2)*(-20)/2. Suppose -11*c = -616 - 704. Calculate the highest common divisor of c and b.
40
Let s = 32 - 23. Let i(p) be the first derivative of -p**4/4 + 8*p**3/3 + 5*p**2 + 7*p + 31. Let r be i(s). Calculate the greatest common divisor of r and 40.
8
Let o be (-55454)/(-136) + -1*(-2)/8. Suppose -12*y = -9*y - o. Calculate the greatest common divisor of 17 and y.
17
Suppose -5 + 1 = 3*w - 2*g, 5*w = -2*g + 4. Suppose z - 3*u - 112 = w, -u = 4*z + 3*u - 448. What is the highest common factor of z and 14?
14
Let f = -36 + 55. Let g = f + -2. Let v = 126 + 10. What is the greatest common factor of g and v?
17
Suppose 4*c - 51 = -w, 3*c + 4*w + 4 = 26. What is the highest common factor of c and 238?
14
Let s = -55 + 130. Suppose -5*v - 4*h + s = -30, 0 = 3*v + h - 70. Suppose -31*d - 8 = -27*d, -2*z + 52 = -d. What is the highest common divisor of v and z?
25
Let s(j) = 29*j + 547. Let x be s(-15). Suppose 5*m - 336 = 2*z + 88, 410 = 5*m + 5*z. Calculate the greatest common factor of m and x.
28
Let a be ((-1)/(-3))/(-1) + 54050/150. What is the greatest common divisor of 6 and a?
6
Let x be 1*((-104)/(-10))/((-1)/(-10)). What is the highest common factor of 24 and x?
8
Let a(d) = d**3 - 42*d**2 - 85*d - 75. Let k be a(44). Calculate the greatest common factor of k and 1653.
57
Let p = 50 + 20. Suppose x - 14 = -3*a - 0*a, -5*x = 5*a - p. Suppose 0 = 3*j - 32 - 10. What is the highest common factor of x and j?
14
Let m be ((-18)/12)/(12/(-80)). Calculate the highest common factor of m and 1510.
10
Let l = -17 - -30. Let j be 524/10 - 12/30. What is the highest common divisor of j and l?
13
Let a(s) be the third derivative of -s**6/120 - s**5/5 - 5*s**4/12 + 11*s**3/3 + 24*s**2. Let k be a(-11). What is the highest common factor of k and 99?
11
Suppose -v = -4*v + 5304. What is the greatest common divisor of 52 and v?
52
Let u(t) = 306*t + 184. Let p be u(3). Calculate the highest common factor of p and 58.
58
Let r = 15 + 141. Calculate the greatest common factor of r and 39.
39
Let u = 1476 + -453. What is the greatest common divisor of 93 and u?
93
Let c be -2 + (-3 - -28) - 3. Let p = 28 - c. Suppose 3*u + 232 + 1 = 4*y, -2*y = -5*u - 127. Calculate the greatest common factor of y and p.
8
Let o be 7 + (-7*30)/(-3) + (-82 - -77). Let a = -16 - -34. Calculate the greatest common divisor of a and o.
18
Let v be (-2394)/95*((-2)/2 - 4). Calculate the greatest common factor of 3 and v.
3
Let d be (-1 + 1 - 3) + (97 - -18). Suppose 16*k - 14*k - d = 0. What is the highest common divisor of 7 and k?
7
Suppose 5*z + 8 + 17 = d, -105 = -2*d - z. Let b(m) = m + 2. Let l be b(23). Let a = l + -5. What is the highest common divisor of d and a?
10
Let a(d) = 2*d**2 + 15*d - 68. Let h be a(-12). What is the greatest common factor of 10 and h?
10
Suppose 4*g - 2*h + 7*h - 96 = 0, 4*h - 48 = -2*g. Calculate the greatest common divisor of 224 and g.
8
Let n(f) = -15*f**2 - 2*f - 2. Let w be n(-1). Let c be ((-5)/5)/(3/w). Suppose c*a = a + 28. What is the highest common divisor of 56 and a?
7
Let n(g) = 7*g**2 - g**3 - 10*g - 7 + 4*g + 0*g**3. Let f be n(5). Let p = f + 12. What is the greatest common factor of p and 10?
5
Suppose -327 = -6*m - 33. What is the greatest common divisor of 1421 and m?
49
Let h = 24 - 14. Suppose h*b - 60 = 5*b. Let g(i) = 3*i + 36. Let f be g(0). Calculate the highest common divisor of b and f.
12
Let m = 12 - 0. Let q be 16/6*(-90)/60. Let g be 460/140 - q/(-14). Calculate the highest common divisor of g and m.
3
Suppose 39 = 6*b - 5*b. Let a = 7 - 7. Suppose -o + 31 = f, -2*o + 3*o + 5*f - 51 = a. What is the highest common factor of o and b?
13
Let c be 201/15 + (-9)/(-15). Suppose -6*u = c - 110. What is the greatest common divisor of 112 and u?
16
Suppose -257*h + 261*h = -180. Let j = 13 - h. Calculate the highest common factor of 145 and j.
29
Let f(j) = -j**3 - 2*j**2 - 7*j. Suppose -6*h + 5*h = 3. Let l be f(h). What is the highest common divisor of l and 30?
30
Let y = -41 + -16. Let x = y - -95. Calculate the highest common factor of 95 and x.
19
Let x = -34 - -30. Let y be 3 + x*(-3)/12. Calculate the greatest common factor of y and 1.
1
Let j(h) = -h**2 - 8*h - 9. Let w be j(-4). Let i be (-1 + -33)